(k) be the first derivative of k**4/12 - k**3/6 - 47*k**2/2 + 8. Let m(n) be the second derivative of c(n). Calculate m(-9).
-19
Let t = -11 + 15. Suppose -t*m = -7*m - 5*m. Suppose m = -2*l - 1 + 3. Let f(c) = -3*c**3 - c**2 + 2*c - 1. Give f(l).
-3
Let a(t) = -6*t + 12. Let v(y) = 139*y - 107*y + 30 - 93. Let m(z) = -11*a(z) - 2*v(z). Determine m(3).
0
Let g(o) = -4518*o + 1508*o + 1501*o - 11 + 0 + 1510*o. Suppose 2*r = 17 - 5. Give g(r).
-5
Let t(c) be the second derivative of -c**4/4 - c**3/2 - 27*c**2/2 - 2*c + 4. Let v(i) be the first derivative of t(i). What is v(-2)?
9
Let z(y) = -29*y**3 + y**2 - 2. Let m be ((-358)/(-537))/((-4)/6). Determine z(m).
28
Let d(j) = 3*j**2 - 12*j + 2. Let m(z) = 2*z**3 - 5*z**2 + 26*z - 4. Let u(i) = -5*d(i) - 2*m(i). Calculate u(3).
-131
Let m = -2364 + 2344. Let b(w) = w**2 + 17*w - 69. Give b(m).
-9
Let i(r) = -r**2 + 7*r - 9. Let l = 132 + -117. Suppose -2*a + z - 4 + 11 = 0, 0 = 3*z - l. Determine i(a).
-3
Let g(p) be the third derivative of -p**4/4 + 4242*p**2. Suppose 0 = 2*i - 2 - 2. Suppose -5*z + y = -0*z + 6, z = i*y + 6. Determine g(z).
12
Let w(m) = 2*m**2 - 2*m - 22. Suppose 8*z - 426 = -24*z - 39*z. Calculate w(z).
38
Let v(f) = 149*f**2 - 6*f - 14. Let u(t) = -134*t**2 + 6*t + 14. Let p(j) = -10*u(j) - 9*v(j). Determine p(-4).
-6
Let b = -3 + 1. Let i = 5 + b. Let x(q) = -2*q - 8085 + 3133 + 4956. Calculate x(i).
-2
Suppose -533*d + 521*d = -36. Let z(s) = -5*s**2 - 3*s + 5. Calculate z(d).
-49
Let w(z) = -2*z**3 - 5*z**2 - 7*z - 2. Let k be w(-1). Let f(i) = 36*i**2 + 42*i**k + 2 - 115*i**2 + 38*i**2 + i. What is f(-4)?
14
Let u be ((-26)/(-117) - (-40)/(-45))/(1/(-6)). Let t(p) = -p - 10. What is t(u)?
-14
Let a(d) = -2*d - 3. Let s(x) be the third derivative of -x**6/120 - 2*x**5/5 - x**4 + 4*x**3/3 - 18*x**2. Let o be s(-23). Let b = -33 + o. What is a(b)?
1
Let d(b) be the third derivative of b**6/360 + b**5/30 - 41*b**4/24 - 2*b**2 + 5*b. Let q(p) be the second derivative of d(p). Determine q(-6).
-8
Suppose 5*w + r + 190 = 583, -5*w + 3*r + 401 = 0. Let m(x) = -2*x**2 + 164*x - 475. Give m(w).
-1
Let m(z) = -134*z - 536. Let y be m(-4). Let i(d) = -15*d**2 + d - 3. What is i(y)?
-3
Suppose -41 - 29 = -10*l. Let v(h) = 2*h**2 - 5*h - 1. Let r(j) = -3*j**2 + 19. Let c(a) = -r(a) - 2*v(a). What is c(l)?
4
Let y(s) be the second derivative of 19*s**3/6 - s**2 - 3837*s. Give y(-1).
-21
Let n(h) = h**3 - h**2 - 1. Let r(u) = 6*u**3 - 11*u**2 - u - 6. Let d(a) = -5*n(a) + r(a). Let b = 30 - 23. Calculate d(b).
41
Let a(w) be the third derivative of 35*w**4/24 - 2*w**3/3 - 1422*w**2. Calculate a(1).
31
Let q(a) = a**2 - 3 - 1 + 0*a**2 + 31 - 12*a. Determine q(9).
0
Let p(s) = 0*s - 2*s + 1 - 16. Suppose 4*m - 15*l + 93 = -10*l, 2*m = -l - 1. Calculate p(m).
-1
Let g(i) be the third derivative of i**4/24 + 8*i**2. Let p(h) = 4*h + 1. Suppose -7*w - 9 = -6*w. Let j(y) = w*g(y) + 2*p(y). What is j(-5)?
7
Let c(j) be the first derivative of -j**3/3 - 6*j**2 - 20*j - 32. Give c(-6).
16
Let d(s) = 33*s**2 - 5*s + 5. Let a = 18941 - 18940. Calculate d(a).
33
Let g = 53 + -48. Let b be 1/g + (-44)/(-55). Let j(z) = 3*z + 4. Let c(p) = p + 1. Let r(h) = 4*c(h) - j(h). Give r(b).
1
Let y(j) = -11 + 8 - j**2 + 10. Suppose 0 = -24*d + 32*d - 32. Determine y(d).
-9
Let w be ((-18)/(-8))/(23/(-828)). Let j = 25 + w. Let i be (-32)/j - 117/21. Let k(r) = -3*r. What is k(i)?
15
Let l(m) = 3*m**3 - 27*m**2 - 2*m - 8. Let o(k) = 2*k**3 - 25*k**2 - 4*k - 9. Let i(t) = 4*l(t) - 5*o(t). Calculate i(-8).
-19
Let o(c) be the second derivative of 3*c**4 + c**2/2 + 10*c. Let l be o(-1). Suppose -l = 9*q + 17. Let n(k) = -2*k + 5. Calculate n(q).
17
Let m(s) = -s**3 + 19*s**2 - 79*s + 7. Let l be ((-13)/(-2))/((-24)/(-48)). What is m(l)?
-6
Let d be 5 - ((-80)/(-15))/(4/6). Let z(y) = 4*y - 5. What is z(d)?
-17
Let w be (0 + -2)*-59 + (-3 - -4). Let b(c) = -3 + 52*c - w*c + 74*c. Determine b(5).
32
Let w(z) = -1 + 66*z**2 - 3 + z - 64*z**2. Let x = -5 + 1. Let m be x/(-5 - -3) + 1. Give w(m).
17
Let r(t) = -116*t - 219. Let g be r(-24). Let z(b) = 1281 + 1284 - 6*b - g. Calculate z(1).
-6
Let x = 12 + -7. Suppose -3*p = 3*c + 5 + 19, -x*c - 36 = 3*p. Let y(g) = -4*g**2 + 15*g + 8. Let d(t) = t**2 - t. Let n(o) = 5*d(o) + y(o). Determine n(c).
-16
Let a(h) = -54*h - 392. Let v be a(-7). Let b(g) = 3*g + 42. Determine b(v).
0
Let z(a) = 11*a**2 + 35*a + 45. Let h(m) = -4*m**2 - 15*m - 15. Let y(g) = -8*h(g) - 3*z(g). Calculate y(15).
-15
Let q be (-68)/(-18) + 6/27. Suppose q*m = 8*m + 8. Let a(r) = 19*r**3 + 136*r. Let w(z) = -2*z**3 - 14*z. Let b(i) = 3*a(i) + 29*w(i). What is b(m)?
4
Let z(y) = -15*y**3 + 2*y**2 - 3*y. Let o = -6667 + 6668. What is z(o)?
-16
Let j = 367 + -358. Let l(b) = -165 + j*b - 8*b + 163. Determine l(-5).
-7
Let p(m) = m**3 - 4*m**2 - 46*m + 210. Suppose 59*n = -48*n - 6*n + 565. Calculate p(n).
5
Let d be (27/(-21) - (-12)/42)*-3. Suppose 3*a - t = -5*t + 14, 0 = -5*a + d*t + 4. Let b(k) = -2*k**2 + 2. What is b(a)?
-6
Let g = -4 - -6. Suppose 31*v - 38 = 12*v. Let b(p) = g*p + 4*p - 2 - 9*p**v - p**3 + p + 13*p**2. Give b(5).
8
Let k = 72 - 68. Let p(h) = 4*h**2 - k - 4*h**3 - 4*h**3 + 2*h + 5 + 7*h**3. Calculate p(5).
-14
Let o(j) = -11 - 11 + 16 + 6*j + 38*j**2 - 4 + 4. Calculate o(1).
38
Let k = -14243 - -14231. Let v(u) = 2*u**3 + 23*u**2 - 16*u - 42. Give v(k).
6
Let x(r) = -r**2 - 21. Let u(j) = j**3 - 15*j**2 + 7*j - 137. Let s(p) = u(p) - 6*x(p). Determine s(9).
52
Suppose 0 = -3*g + 13*g - 20. Let o(p) = -g*p + 322 - 157 - 164 - p**2. Give o(1).
-2
Let j(p) = 12*p - 13*p + 0 - 48 + 91. What is j(-10)?
53
Suppose 2*p + 2*u - 2 = 0, 0 = -2*p + 2*u + 2*u + 20. Let k(f) be the second derivative of f**5/20 - 5*f**4/12 + 7*f**3/6 - 4*f**2 - f. Calculate k(p).
4
Let o(v) = -15*v**3 - 6*v**2 - 8*v - 12. Let l(g) = 2*g**3 + g. Let m(h) = 8*l(h) + o(h). Calculate m(6).
-12
Let f = 23 + -23. Suppose f = h + 4*g - 14, -3*h + 2 = -0*g + 2*g. Let q(l) = -l**3 - 2*l**2 - 1. Determine q(h).
-1
Let v(c) = -134*c + 16 + 74*c - 3*c**2 + 69*c + 2*c**2. Let y be v(11). Let h(p) = 15*p + 21. Let q(t) = -3*t - 4. Let j(i) = 2*h(i) + 11*q(i). Determine j(y).
16
Let n = 129 + -77. Suppose 16*t - 17*t = -5*b - 54, 5*b + n = 3*t. Let z(w) = -w**2 - 12*w - 1. Determine z(b).
10
Let l(y) = -3*y**3 - 23*y**2 - 29*y + 101. Let c(q) = -4*q**3 - 35*q**2 - 44*q + 149. Let z(g) = -5*c(g) + 7*l(g). Give z(15).
-8
Let t = 33135 - 33122. Let s(i) = i**2 - 15*i - 25. What is s(t)?
-51
Let k(g) = -8*g + 2956*g**2 + 6 - 3 - 2955*g**2. Determine k(10).
23
Let m(p) = 524*p - 3 + 6*p**2 - 531*p - 11*p**2 + 2. Give m(-4).
-53
Let m(d) = -222 + 2*d + 412 - 189 - 61*d. Determine m(1).
-58
Let m(s) = -1 + 2 - 3 + s. Suppose 46 = -7*c + 10*c + k, -3*k + 369 = 30*c. Calculate m(c).
9
Suppose 26*b = -11*b - 6*b. Let h(r) = -15*r**3 - 15*r**2 - 2*r + 1. Let q(d) = -8*d**3 - 8*d**2 - d + 1. Let v(t) = -6*h(t) + 11*q(t). Give v(b).
5
Let r(h) = -3*h**3 + 16*h**2 + 6*h + 281. Let f(u) = 3*u**2 + u + 56. Let p(j) = 5*f(j) - r(j). Let t = 1 + -2. Give p(t).
-4
Let d(w) = 26*w + 236. Let b = -526 - -517. Calculate d(b).
2
Let j = -389 + 391. Let a(c) be the second derivative of c**j + 0 + 0*c**4 - 1/3*c**3 + 14*c + 1/20*c**5. Determine a(-3).
-19
Let n = 436 - 418. Let c be (2 + -14)*(-15)/n. Let h(l) = l**2 - 13*l + 11. Calculate h(c).
-19
Let i be (-11)/(-33)*(-2 - (-4 + -4)). Let s(t) = 6*t**3 - 8*t**2 + 6*t + 5. Let n(o) = o**3 - o**2 + o + 1. Let l(q) = 5*n(q) - s(q). Give l(i).
2
Let u(g) be the second derivative of g**4/12 - 13*g**3/3 - 63*g**2/2 - 19*g + 16. Give u(28).
-7
Let t(q) = -q**2 + 13*q + 10. Let m = 14301 + -14293. What is t(m)?
50
Let a(n) = 3*n**2 - 10*n + 11. Let q(i) = 10*i**2 - 29*i + 34. Suppose -3*t = 3*h, -2*t + 6 = h + 4*h. Let o(l) = h*q(l) - 7*a(l). Give o(6).
27
Let m(x) = 3*x**3 + 2*x**2 + 5*x + 6. Let k(o) = -2*o**3 + o. Let c(l) = -2*k(l) - m(l). Give c(4).
-2
Let p(j) = -j**3 - 3*j**2 + j - 4. Let t be -4 - (-4)/(4/3). Let g be (-5 - (-32)/6)/(t/(-39)). Suppose g*h = -23 - 16. Give p(h).
-7
Let u(i) = -i**3 + 25*i**2 - i + 8. Let w(r) = 2*r**3 - 45*r**2 + 3*r - 15. Let t(b) = 7*u(b) + 4*w(b). Determine t(3).
-7
Let g(t) = 201 - 64 - t - 83 - 71. Let n = 6 - 15. What is g(n)?
-8
Let u be (-7)/2*(0